 common factor of k and w.
13
Suppose -c = -71 + 15. What is the greatest common divisor of c and 8?
8
Suppose 4*r - 12 + 0 = 0. Let o be r/15 - 297/(-15). What is the highest common divisor of o and 30?
10
Suppose -2*i = 6*i - 48. Suppose 0 = u - 5*f - 13 - 22, -3*f - 12 = 0. What is the greatest common divisor of u and i?
3
Let m = -56 + 64. What is the highest common divisor of m and 48?
8
Suppose 3*h = 2*i - 5*i + 96, 2*h = 5*i + 92. What is the highest common factor of 4 and h?
4
Let g be (16/12)/((-5)/(-630)). What is the highest common divisor of g and 21?
21
Let m(n) = 2*n - 9*n - 1 + 0*n + 6*n. Suppose 20 = -5*i - 5. Let g be m(i). Calculate the highest common factor of g and 44.
4
Suppose 15 + 0 = -5*n. Let r be (37/n)/((-3)/9). Suppose t + r = 4*o + 6*t, -3*o + 21 = -3*t. Calculate the greatest common divisor of 8 and o.
8
Let i be (-98)/(-5) + (-2)/(-5). Let v be (-8 + 3)/((-1)/2). What is the highest common divisor of i and v?
10
Let t(p) = -2*p**3 + 3*p**2 + p. Let b be t(3). Let c = 36 + b. Let q(o) = 2*o**2 + o - 3. Let w be q(-3). Calculate the greatest common factor of c and w.
12
Let l(o) = 30 + 3*o - 12 + o**2 - 11. Let t be l(-4). What is the greatest common divisor of 55 and t?
11
Suppose 0*j - 16 = -4*j. Suppose j*q = 29 - 9. Suppose 16 = -i + 71. What is the greatest common divisor of q and i?
5
Suppose 0 = 10*a - 42 - 48. What is the highest common divisor of a and 9?
9
Let q(f) = -f**3 + 8*f**2 - 7*f + 2. Let p be q(6). What is the highest common factor of p and 4?
4
Let l be (-2)/6 + 79/3. Let m = l + -16. Let k be (-1491)/(-15) - (-6)/10. Calculate the highest common divisor of k and m.
10
Let p(o) = 54*o - 30. Let f be p(3). What is the greatest common divisor of f and 24?
12
Let z be -2 + 5 + (26 - 1). Let d(n) = -5*n - 1. Let c be d(-3). What is the greatest common divisor of z and c?
14
Let c(l) = 31*l**3 + l**2 - 3*l + 2. Let r be c(1). What is the greatest common divisor of r and 217?
31
Suppose 10*b = 23*b - 442. What is the highest common divisor of b and 17?
17
Let k(u) = -10*u + 10. Let v be k(-2). What is the highest common factor of 3 and v?
3
Suppose 7*p - 32 = 5*p. Calculate the highest common divisor of p and 16.
16
Suppose l - 27 = -6. What is the greatest common factor of 168 and l?
21
Suppose 12*x + 135 = 15*x. What is the highest common factor of 9 and x?
9
Let m = -29 + 50. What is the highest common factor of m and 42?
21
Let w(x) = -32*x - 2 + 1 - 32*x. Let u be w(-1). Calculate the greatest common divisor of u and 7.
7
Suppose 68 = -5*u + 193. Calculate the highest common factor of 225 and u.
25
Let b be (-4)/(-12) - 260/(-3). Calculate the highest common divisor of 29 and b.
29
Let l = 42 - 30. What is the highest common factor of l and 42?
6
Suppose 0 = 2*j + 2*j + 28. Let x = j + 0. Let t(y) = -y**2 - 7*y + 4. Let f be t(x). Calculate the highest common divisor of f and 10.
2
Suppose 0*u = u. Suppose u = -z - 2*x + 128, -z - 2*z + 388 = 4*x. What is the highest common divisor of z and 12?
12
Let u(q) = q**3 - 2*q**2 - 7*q + 5. Let j be u(4). Suppose 5*z - k = 362, -5*z + 0*z + 368 = -4*k. Calculate the highest common divisor of j and z.
9
Let n(s) = 6*s - 9. Let t be n(5). Let j be 145/7 - (-2)/7. What is the greatest common factor of t and j?
21
Let b be ((-12)/(-18))/((-3)/(-9)). What is the highest common divisor of b and 8?
2
Let x be -3 - ((-12)/4 + -8). What is the greatest common divisor of 16 and x?
8
Suppose 5*c = 70 - 0. What is the highest common factor of c and 98?
14
Let b = 19 - 12. Suppose l - 55 = -4*o, -5*l + 3*o + 313 = 4*o. What is the greatest common divisor of l and b?
7
Suppose -5*d + 62 + 18 = 0. Calculate the highest common factor of d and 48.
16
Let i be 2/9 + (-124)/(-9). Let o be i/3 + (-3)/(-9). Calculate the highest common factor of 25 and o.
5
Suppose w - 4*o = 0, 75 = 5*w + o + 4*o. Let r = 11 + -17. Let f = 12 + r. Calculate the greatest common factor of w and f.
6
Let a(f) = f + 6. Let b be a(14). What is the greatest common factor of b and 10?
10
Let b = -44 + 70. Let a be -2*2/(-6)*78. What is the greatest common divisor of b and a?
26
Suppose 0*n = -n + 4. Let v = n - -1. Suppose -2*f + 8 = 2*f. Calculate the greatest common factor of v and f.
1
Let a be (1 + (28 - 1))/1. Suppose -r + 6 = -3*m, -4*r = -2*r + 2*m - a. Suppose -2*d + 36 = d. Calculate the greatest common factor of r and d.
12
Let y be -2*10/6*3. Let l be -2 - y - (0 + -2). Calculate the highest common divisor of 5 and l.
5
Suppose -k + 17 = z, -4*z + 3*k + 21 + 19 = 0. Let g = z - 9. Calculate the highest common factor of 36 and g.
4
Let y be 56/6 + (-55)/(-15) + -3. Suppose -3*q = -4*q + 110. What is the highest common divisor of y and q?
10
Let h be 1 - -38*(2 + 1). Suppose 5*d + 4*t - 123 = 0, 3*d - 71 = -0*t - t. What is the highest common factor of h and d?
23
Suppose -29 + 89 = 5*i. Suppose -2*n + i + 0 = 0. Calculate the greatest common divisor of n and 4.
2
Suppose 0*k = -3*k + 162. Suppose -5*c = -3 - 87. What is the greatest common factor of k and c?
18
Suppose -4*i + 5*j - 202 = -619, -2*j = i - 88. Calculate the highest common divisor of i and 14.
14
Suppose 3*o = 36 + 15. Let r = 56 + -116. Let d = o - r. What is the highest common divisor of d and 7?
7
Let g = -6 - -9. Let q(b) = 2*b + 3. Let z be q(g). Let n be 55/3 + 1/(-3). Calculate the highest common factor of n and z.
9
Let b(r) = -r**3 + 3*r**2 - 2*r + 2. Suppose 0 = 5*v - 23 - 2. Let n = -3 + v. Let u be b(n). Calculate the greatest common divisor of u and 5.
1
Let p(z) = -3 + 3*z**2 - 2*z**3 - 8*z + 3*z**3 + 3*z. Let r be p(-3). Let j(n) = 5*n**2 - n - 12. Let v be j(5). What is the greatest common divisor of r and v?
12
Let f be (-1)/(2/12)*(-4 - -2). Suppose -13 - 68 = -x + u, -4*u + 96 = x. Calculate the highest common divisor of f and x.
12
Suppose -3*n = 2*b - 15 - 0, -4*b = 0. What is the greatest common divisor of 15 and n?
5
Suppose -5*f + 9 + 1 = 0. Let s be (3/12)/(f/104). What is the highest common divisor of s and 91?
13
Suppose -6 = -3*g - 0*g. Calculate the highest common factor of g and 9.
1
Let a(o) = -16*o + 40. Let l be a(2). Let s = -3 + 5. Suppose -s*r + 0*r = -40. Calculate the highest common factor of r and l.
4
Suppose 3*g - 78 = -g + 5*m, 5*m = -g + 7. What is the greatest common factor of 221 and g?
17
Let z be ((-4)/(-3))/((-4)/(-12)). Let q = z - 4. Let u be -1 + -1 - (-72 + q). What is the highest common divisor of 14 and u?
14
Suppose 2*b = 3*b - 130. What is the greatest common divisor of 52 and b?
26
Suppose 2*i = 2*f + 34, -2*f = -5*i + 2*f + 80. Let k be (1 - -25) + (-28)/14. What is the greatest common factor of i and k?
12
Suppose -3*f - 1 + 10 = 0. Suppose 0 = f*u - 0*u - 24. Let a be (72/(-63))/(1/(-7)). Calculate the highest common factor of u and a.
8
Let r be (1 + 0)*-4*-1. Let z = -8 + r. Let u be 134/4 - (-2)/z. What is the highest common divisor of 22 and u?
11
Let i = 21 - 16. Calculate the highest common divisor of 5 and i.
5
Let a be 27 - (-4)/(-6)*3. Calculate the greatest common divisor of 5 and a.
5
Let u = -8 - -10. Suppose 3*r - 55 = -u*r. Calculate the highest common divisor of r and 33.
11
Suppose -2*y = -2*q + 3*q - 13, -4*q - 8 = -4*y. Let k be 79 + 3/(-2 + y). What is the highest common factor of k and 10?
10
Let o(c) be the second derivative of -c + 0 - 3/2*c**2 - 1/12*c**4 + 1/10*c**5 + 2/3*c**3. Let j be o(2). What is the highest common divisor of j and 17?
17
Suppose 2*i = 5*i - 42. Calculate the greatest common factor of 126 and i.
14
Suppose -4*n = 5*y - 95, 0*n + 3*n = 5*y + 45. Suppose -6*t + t + n = 0. Calculate the highest common divisor of t and 16.
4
Let f(c) = c**2 + 4*c - 3. Let u be f(2). Let z = 2 - -16. What is the highest common divisor of u and z?
9
Let w be (0 + 2)/2*4. Calculate the highest common divisor of 36 and w.
4
Let t(g) = 55*g**2 - g. Let z be t(1). Calculate the highest common divisor of 36 and z.
18
Let h be 1/(-4) + 10/40. Suppose -4*t + 2*q + 74 = h, -2*t + 6*t + 4*q - 44 = 0. Calculate the highest common factor of 16 and t.
16
Let o = 4 + 2. Suppose -o = -3*r - 0. Suppose 0 = 4*v - r - 10. Calculate the highest common divisor of 12 and v.
3
Suppose 7*i + 150 = 10*i. Let u be (44/(-10))/(1/(-30)). Suppose -5*h + u = 32. What